10 a factor of 1463?
False
Is 680 a multiple of 10?
True
Is 3 a factor of 9603?
True
Does 34 divide 2618?
True
Is 44 a multiple of 5?
False
Is 2 a factor of 237?
False
Is 505 a multiple of 53?
False
Is 5239 a multiple of 13?
True
Does 33 divide 7820?
False
Is 7576 a multiple of 32?
False
Does 75 divide 2145?
False
Is 55 a factor of 3580?
False
Is 1738 a multiple of 11?
True
Does 37 divide 8584?
True
Is 22 a factor of 1100?
True
Does 103 divide 2651?
False
Is 206 a factor of 2696?
False
Does 25 divide 1375?
True
Is 3 a factor of 15?
True
Does 58 divide 14036?
True
Is 5 a factor of 282?
False
Is 6126 a multiple of 12?
False
Is 185 a factor of 12827?
False
Is 364 a multiple of 13?
True
Is 5397 a multiple of 21?
True
Is 44 a factor of 10252?
True
Is 47 a factor of 6029?
False
Is 71 a factor of 1065?
True
Is 31974 a multiple of 219?
True
Is 5740 a multiple of 28?
True
Is 7881 a multiple of 111?
True
Is 47 a factor of 5734?
True
Is 3360 a multiple of 14?
True
Is 17631 a multiple of 156?
False
Does 12 divide 8758?
False
Does 14 divide 2436?
True
Is 38085 a multiple of 60?
False
Is 960 a multiple of 30?
True
Does 81 divide 14499?
True
Is 19 a factor of 6738?
False
Is 2453 a multiple of 99?
False
Does 91 divide 8996?
False
Is 70581 a multiple of 23?
False
Is 5454 a multiple of 18?
True
Is 3542 a multiple of 36?
False
Is 2376 a multiple of 24?
True
Is 15 a factor of 120955?
False
Is 599 a multiple of 38?
False
Is 11944 a multiple of 290?
False
Is 197 a factor of 4531?
True
Is 10577 a multiple of 7?
True
Is 41 a factor of 18190?
False
Does 6 divide 59?
False
Is 204 a multiple of 29?
False
Is 55923 a multiple of 21?
True
Does 6 divide 63?
False
Is 247 a factor of 46346?
False
Is 11 a factor of 49128?
False
Does 33 divide 1860?
False
Is 12 a factor of 15161?
False
Is 61 a factor of 183?
True
Is 10452 a multiple of 67?
True
Is 317 a multiple of 16?
False
Does 6 divide 1495?
False
Is 4 a factor of 30592?
True
Does 35 divide 837?
False
Does 139 divide 4621?
False
Is 3123 a multiple of 9?
True
Does 214 divide 15283?
False
Does 206 divide 3785?
False
Does 96 divide 12960?
True
Is 132 a factor of 3095?
False
Is 245 a factor of 12685?
False
Is 4 a factor of 12264?
True
Does 39 divide 13302?
False
Is 713 a multiple of 54?
False
Is 191 a factor of 6888?
False
Is 9 a multiple of 2?
False
Is 356 a multiple of 31?
False
Does 65 divide 6825?
True
Does 9 divide 855?
True
Is 4 a factor of 1258?
False
Is 17 a factor of 485?
False
Is 1554 a multiple of 21?
True
Is 276 a multiple of 6?
True
Is 9 a factor of 8289?
True
Is 12 a factor of 2093?
False
Is 22 a factor of 418?
True
Is 1416 a multiple of 24?
True
Does 2 divide 535?
False
Does 4 divide 388?
True
Does 3 divide 803?
False
Does 9 divide 513?
True
Is 7 a factor of 142?
False
Is 5700 a multiple of 19?
True
Is 168 a multiple of 28?
True
Is 7 a factor of 741?
False
Is 11722 even?
True
Does 112 divide 1568?
True
Is 82 a factor of 3362?
True
Does 29 divide 15225?
True
Does 209 divide 14003?
True
Is 4 a factor of 794?
False
Is 36 a factor of 9684?
True
Is 3072 a multiple of 16?
True
Does 111 divide 3774?
True
Is 33875 a multiple of 271?
True
Does 29 divide 1571?
False
Does 18 divide 45677?
False
Is 19 a factor of 567?
False
Is 17 a factor of 510?
True
Is 2170 a multiple of 19?
False
Does 15 divide 98505?
True
Is 10320 a multiple of 30?
True
Is 18 a factor of 494?
False
Does 4 divide 72723?
False
Is 9 a factor of 13667?
False
Is 23310 a multiple of 15?
True
Is 13 a factor of 1638?
True
Is 287 a factor of 175357?
True
Does 176 divide 20944?
True
Does 2 divide 92?
True
Does 49 divide 688?
False
Does 58 divide 6747?
False
Is 8 a factor of 1491?
False
Does 176 divide 31680?
True
Is 62 a factor of 4340?
True
Is 5895 a multiple of 81?
False
Does 17 divide 2091?
True
Is 610 a multiple of 51?
False
Is 842 a multiple of 11?
False
Does 7 divide 257?
False
Is 2644 a multiple of 9?
False
Is 3798 a multiple of 3?
True
Does 13 divide 2168?
False
Does 54 divide 1040?
False
Does 70 divide 7980?
True
Is 18876 a multiple of 39?
True
Does 5 divide 16180?
True
Is 58857 a multiple of 142?
False
Is 19 a factor of 627?
True
Is 62 a factor of 2170?
True
Does 87 divide 20609?
False
Is 4651 a multiple of 32?
False
Is 1325 a multiple of 28?
False
Is 403 a multiple of 13?
True
Is 24328 a multiple of 10?
False
Is 97 a factor of 20043?
False
Is 77 a factor of 1155?
True
Is 105 a factor of 9030?
True
Is 32973 a multiple of 114?
False
Does 5 divide 115?
True
Is 12 a factor of 537?
False
Is 20 a factor of 1420?
True
Does 23 divide 1472?
True
Is 11655 a multiple of 37?
True
Does 6 divide 36?
True
Is 87 a factor of 7917?
True
Is 30 a factor of 8220?
True
Is 369 a multiple of 4?
False
Does 14 divide 157640?
True
Is 3610 a multiple of 7?
False
Does 86 divide 1204?
True
Is 19 a factor of 1314?
False
Does 19 divide 1102?
True
Is 5548 a multiple of 19?
True
Does 6 divide 534?
True
Is 10 a factor of 310?
True
Is 70000 a multiple of 10?
True
Is 28212 a multiple of 220?
False
Is 436 a multiple of 7?
False
Is 26 a factor of 90?
False
Is 33 a factor of 9405?
True
Is 1649 a multiple of 11?
False
Is 9257 a multiple of 58?
False
Is 27665 a multiple of 55?
True
Is 13 a factor of 41785?
False
Is 9379 a multiple of 113?
True
Is 28620 a multiple of 27?
True
Does 6 divide 25319?
False
Is 92 a multiple of 4?
True
Is 2741 a multiple of 10?
False
Is 9 a factor of 14708?
False
Does 21 divide 4914?
True
Is 8778 a multiple of 22?
True
Is 15 a factor of 27308?
False
Is 13 a factor of 3614?
True
Does 157 divide 157?
True
Does 94 divide 1577?
False
Does 44 divide 14203?
False
Does 123 divide 15498?
True
Is 1722 a multiple of 31?
False
Does 8 divide 45390?
False
Does 56 divide 2230?
False
Is 65331 a multiple of 9?
True
Is 715 a multiple of 30?
False
Is 14674 a multiple of 23?
True
Does 209 divide 37099?
False
Is 2963 a multiple of 2?
False
Is 31635 a multiple of 111?
True
Is 32 a factor of 164672?
True
Is 11 a factor of 2281?
False
Is 255 a multiple of 9?
False
Does 39 divide 1794?
True
Is 22064 a multiple of 16?
True
Does 47 divide 3713?
True
Is 9 a factor of 1692?
True
Is 9 a factor of 311?
False
Is 3 a factor of 14?
False
Is 10 a factor of 280?
True
Is 26 a factor of 117?
False
Is 1305 a multiple of 15?
True
Is 176 a multiple of 22?
True
Is 10 a factor of 37?
False
Is 8 a factor of 1320?
True
Does 27 divide 919?
False
Does 59 divide 5067?
False
Is 564 a multiple of 6?
True
Does 27 divide 70497?
True
Is 14 a factor of 816?
False
Does 118 divide 2508?
False
Is 23540 a multiple of 22?
True
Is 604 a multiple of 4?
True
Does 10 divide 5450?
True
Is 945 a multiple of 27?
True
Is 220 even?
True
Is 43 a factor of 1505?
True
Does 145 divide 3790?
False
Does 45 divide 472?
False
Is 7 a factor of 1118?
False
Does 10 divide 579?
False
Is 11121 a multiple of 17?
False
Does 11 divide 638?
True
Is 4178 a multiple of 52?
False
Is 15 a factor of 2029?
False
Is 26 a factor of 13183?
False
Does 77 divide 23040?
False
Is 84 a factor of 1176?
True
Is 109 a multiple of 5?
False
Is 202 a factor of 29694?
True
Is 114 a factor of 798?
True
Is 325 a multiple of 25?
True
Is 23 a factor of 11017?
True
Does 7 divide 8934?
False
Is 888 a multiple of 8?
True
Is 39 a factor of 5657?
False
Is 53 a factor of 838?
False
Does 20 divide 1895?
False
Is 316 a multiple of 5?
False
Is 22784 a multiple of 16?
True
Does 26 divide 8477?
False
Is 528 a multiple of 16?
True
Does 6 divide 20010?
True
Is 11638 a multiple of 46?
True
Is 1914 a multiple of 59?
False
Does 22 divide 11675?
False
Is 927 a multiple of 9?
True
Is 6 a factor of 22572?
True
Is 2149 a multiple of 3?
False
Does 40 divide 20323?
False
Is 23 a factor of 10270?
False
Is 2344 a multiple of 145?
False
Is 1119 a multiple of 45?
False
Is 25 a factor of 908?
False
Is 58 a factor of 1392?
True
Is 46 a factor of 22632?
True
Does 8 divide 1457?
False
Does 48 divide 9183?
False
Is 14 a factor of 1848?
True
Is 118 a factor of 590?
True
Is 56072 a multiple of 43?
True
Does 81 divide 36614?
False
Does 30 divide 17105?
False
Is 17913 a multiple of 53?
False
Is 16 a factor of 19088?
True
Is 61 a factor of 3477?
True
Is 46 a multiple of 4?
False
Is 290 a multiple of 11?
False
Is 15 a factor of 10095?
True
Is 12 a factor of 93300?
True
Is 3 a factor of 693?
True
Does 8 divi